{"id":202,"date":"2025-01-06T13:39:24","date_gmt":"2025-01-06T12:39:24","guid":{"rendered":"https:\/\/wp.sb37dieburg.de\/?page_id=202"},"modified":"2025-01-06T13:59:06","modified_gmt":"2025-01-06T12:59:06","slug":"neueste-inhalte","status":"publish","type":"page","link":"https:\/\/sb37dieburg.de\/","title":{"rendered":"Neueste Inhalte"},"content":{"rendered":"<ul class=\"wp-block-latest-posts__list has-dates wp-block-latest-posts\"><li><a class=\"wp-block-latest-posts__post-title\" href=\"https:\/\/sb37dieburg.de\/?p=985\">Presse: &#8222;Bodenverschie\u00dfen&#8220; in Kleinwallstadt: 37er Bezirkssch\u00fctzen stark vertreten<\/a><time datetime=\"2026-04-27T07:40:00+02:00\" class=\"wp-block-latest-posts__post-date\">27. April 2026<\/time><div class=\"wp-block-latest-posts__post-excerpt\">\u201eBodenverschie\u00dfen\u201c \u2013 so lautete das humorvolle Motto des 3D Turniers in Kleinwallstadt. Doch bei allem Spa\u00df, den dieser Wettbewerb machte: anspruchsvolle Ziele und der Anspruch an die Flexibilit\u00e4t und Sportlichkeit der Sch\u00fctzen waren echte Herausforderungen die gemeistert werden wollten um eben nicht den \u201eBoden zu verschie\u00dfen\u201c. Der Sch\u00fctzenbezirk 37 gratuliert&hellip;<\/div><\/li>\n<li><div class=\"wp-block-latest-posts__featured-image alignleft\"><a href=\"https:\/\/sb37dieburg.de\/?p=979\" aria-label=\"Veranstaltung: Otzberger Radbiathlon\"><img loading=\"lazy\" decoding=\"async\" width=\"150\" height=\"150\" src=\"https:\/\/sb37dieburg.de\/wp-content\/uploads\/2026\/04\/radbiathlon_2026-150x150.png\" class=\"attachment-thumbnail size-thumbnail wp-post-image\" alt=\"\" style=\"max-width:50px;max-height:50px;\" \/><\/a><\/div><a class=\"wp-block-latest-posts__post-title\" href=\"https:\/\/sb37dieburg.de\/?p=979\">Veranstaltung: Otzberger Radbiathlon<\/a><time datetime=\"2026-04-23T19:40:20+02:00\" class=\"wp-block-latest-posts__post-date\">23. April 2026<\/time><div class=\"wp-block-latest-posts__post-excerpt\">Die Otzberger Vereine richten an Fronleichnam (04.06.2026) wieder ihr Radbiathlon und Volksfahren aus. Mehr Info gibt es hier: www.sg-nieder-klingen.de<\/div><\/li>\n<li><div class=\"wp-block-latest-posts__featured-image alignleft\"><a href=\"https:\/\/sb37dieburg.de\/?p=974\" aria-label=\"Fotos: Bezirksmeisterschaften 2026 GK und FP\"><img loading=\"lazy\" decoding=\"async\" width=\"150\" height=\"150\" src=\"https:\/\/sb37dieburg.de\/wp-content\/uploads\/2026\/04\/18_klein-150x150.jpeg\" class=\"attachment-thumbnail size-thumbnail wp-post-image\" alt=\"\" style=\"max-width:50px;max-height:50px;\" \/><\/a><\/div><a class=\"wp-block-latest-posts__post-title\" href=\"https:\/\/sb37dieburg.de\/?p=974\">Fotos: Bezirksmeisterschaften 2026 GK und FP<\/a><time datetime=\"2026-04-19T22:41:00+02:00\" class=\"wp-block-latest-posts__post-date\">19. April 2026<\/time><div class=\"wp-block-latest-posts__post-excerpt\"><\/div><\/li>\n<li><a class=\"wp-block-latest-posts__post-title\" href=\"https:\/\/sb37dieburg.de\/?p=956\">Waffensachkunde<\/a><time datetime=\"2026-04-01T06:49:00+02:00\" class=\"wp-block-latest-posts__post-date\">1. April 2026<\/time><div class=\"wp-block-latest-posts__post-excerpt\">Der Sch\u00fctzenverein 1862 e.V. Gro\u00df-Umstadt veranstaltet wieder eine Waffensachkundepr\u00fcfung f\u00fcr Sportsch\u00fctzen!Wann: am Samstag, 09.05.2026\u00a0und Sonntag, 10.05.2026. Infos und Anmeldung unter&nbsp;wsk@sv1862-gross-umstadt.de<\/div><\/li>\n<li><a class=\"wp-block-latest-posts__post-title\" href=\"https:\/\/sb37dieburg.de\/?p=950\">BM 2026: Alle fehlenden Startkarten f\u00fcr Wettbewerbe im April jetzt online<\/a><time datetime=\"2026-03-29T21:55:56+02:00\" class=\"wp-block-latest-posts__post-date\">29. M\u00e4rz 2026<\/time><div class=\"wp-block-latest-posts__post-excerpt\">Startkarten k\u00f6nnen hier gefunden werden: >> Meisterschaften >> Startkarten. Wie immer, pr\u00fcft bitte, ob alle Startkarten f\u00fcr euren Verein vorhanden sind und meldet euch, falls etwas fehlt.<\/div><\/li>\n<li><a class=\"wp-block-latest-posts__post-title\" href=\"https:\/\/sb37dieburg.de\/?p=946\">RWK Pl\u00e4ne KK-Auflage und angepasste Pl\u00e4ne Unterhebel sind online<\/a><time datetime=\"2026-03-25T07:37:00+01:00\" class=\"wp-block-latest-posts__post-date\">25. M\u00e4rz 2026<\/time><div class=\"wp-block-latest-posts__post-excerpt\">RWK-Onlinemelder: https:\/\/www.rwk-onlinemelder.de\/online\/listen\/hsvsb37<\/div><\/li>\n<li><div class=\"wp-block-latest-posts__featured-image alignleft\"><a href=\"https:\/\/sb37dieburg.de\/?p=938\" aria-label=\"Fotos: Bezirksmeisterschaften 2026\"><img loading=\"lazy\" decoding=\"async\" width=\"150\" height=\"150\" src=\"https:\/\/sb37dieburg.de\/wp-content\/uploads\/2026\/03\/1-1-e1774260119208-150x150.jpeg\" class=\"attachment-thumbnail size-thumbnail wp-post-image\" alt=\"\" style=\"max-width:50px;max-height:50px;\" \/><\/a><\/div><a class=\"wp-block-latest-posts__post-title\" href=\"https:\/\/sb37dieburg.de\/?p=938\">Fotos: Bezirksmeisterschaften 2026<\/a><time datetime=\"2026-03-23T07:57:00+01:00\" class=\"wp-block-latest-posts__post-date\">23. M\u00e4rz 2026<\/time><div class=\"wp-block-latest-posts__post-excerpt\"><\/div><\/li>\n<li><div class=\"wp-block-latest-posts__featured-image alignleft\"><a href=\"https:\/\/sb37dieburg.de\/?p=936\" aria-label=\"Fotos: Rangliste Luftpistole Auflage in Langstadt\"><img loading=\"lazy\" decoding=\"async\" width=\"150\" height=\"150\" src=\"https:\/\/sb37dieburg.de\/wp-content\/uploads\/2026\/03\/3-2-150x150.jpeg\" class=\"attachment-thumbnail size-thumbnail wp-post-image\" alt=\"\" style=\"max-width:50px;max-height:50px;\" \/><\/a><\/div><a class=\"wp-block-latest-posts__post-title\" href=\"https:\/\/sb37dieburg.de\/?p=936\">Fotos: Rangliste Luftpistole Auflage in Langstadt<\/a><time datetime=\"2026-03-23T07:56:00+01:00\" class=\"wp-block-latest-posts__post-date\">23. M\u00e4rz 2026<\/time><div class=\"wp-block-latest-posts__post-excerpt\"><\/div><\/li>\n<li><div class=\"wp-block-latest-posts__featured-image alignleft\"><a href=\"https:\/\/sb37dieburg.de\/?p=940\" aria-label=\"Fotos: Bezirkssch\u00fctzentag 2026 in Lengfeld\"><img loading=\"lazy\" decoding=\"async\" width=\"150\" height=\"150\" src=\"https:\/\/sb37dieburg.de\/wp-content\/uploads\/2026\/03\/IMG_2644-2-e1774260022337-150x150.jpeg\" class=\"attachment-thumbnail size-thumbnail wp-post-image\" alt=\"\" style=\"max-width:50px;max-height:50px;\" \/><\/a><\/div><a class=\"wp-block-latest-posts__post-title\" href=\"https:\/\/sb37dieburg.de\/?p=940\">Fotos: Bezirkssch\u00fctzentag 2026 in Lengfeld<\/a><time datetime=\"2026-03-23T07:55:00+01:00\" class=\"wp-block-latest-posts__post-date\">23. M\u00e4rz 2026<\/time><div class=\"wp-block-latest-posts__post-excerpt\"><\/div><\/li>\n<li><a class=\"wp-block-latest-posts__post-title\" href=\"https:\/\/sb37dieburg.de\/?p=894\">BM 2026: Ergebnisse Sportpistole online<\/a><time datetime=\"2026-03-14T16:54:44+01:00\" class=\"wp-block-latest-posts__post-date\">14. M\u00e4rz 2026<\/time><div class=\"wp-block-latest-posts__post-excerpt\">Ergebnisse k\u00f6nnen unter >Meisterschaften>Ergebnisse gefunden werden.<\/div><\/li>\n<li><a class=\"wp-block-latest-posts__post-title\" href=\"https:\/\/sb37dieburg.de\/?p=888\">BM 2026: Startkarten f\u00fcr M\u00e4rz online. Achtung: Perkussionsfrei- und dienstgewehr von Samstag auf Sonntag verlegt!<\/a><time datetime=\"2026-03-04T22:59:23+01:00\" class=\"wp-block-latest-posts__post-date\">4. M\u00e4rz 2026<\/time><div class=\"wp-block-latest-posts__post-excerpt\">Startkarten k\u00f6nnen hier gefunden werden: &gt;&gt; Meisterschaften &gt;&gt; Startkarten. Wie immer, pr\u00fcft bitte, ob alle Startkarten f\u00fcr euren Verein vorhanden sind und meldet euch, falls etwas fehlt. Startkarten f\u00fcr April folgen erst sp\u00e4ter.<\/div><\/li>\n<li><a class=\"wp-block-latest-posts__post-title\" href=\"https:\/\/sb37dieburg.de\/?p=881\">Rangliste Luftpistole Auflage &#8211; erster Termin am 13.03.<\/a><time datetime=\"2026-02-25T08:53:19+01:00\" class=\"wp-block-latest-posts__post-date\">25. Februar 2026<\/time><div class=\"wp-block-latest-posts__post-excerpt\">Infos gibt es auf der Seite Rangliste >> Rangliste Auflage<\/div><\/li>\n<li><a class=\"wp-block-latest-posts__post-title\" href=\"https:\/\/sb37dieburg.de\/?p=883\">Presse: Bogen &#8211; V\u00e4terchen Frost Turnier der Sch\u00fctzengilde 1964 e.V. Herolz<\/a><time datetime=\"2026-02-25T08:51:00+01:00\" class=\"wp-block-latest-posts__post-date\">25. Februar 2026<\/time><div class=\"wp-block-latest-posts__post-excerpt\">Am vergangenen Samstag (21.02.2026) hatte die Sch\u00fctzengilde Herolz (Schl\u00fcchtern) wieder zu Ihrem V\u00e4terchen-Frost-Turnier geladen. Das freie 3D-Bogen-Turnier zog Sch\u00fctzen aus ganz Hessen und Unterfranken an. Der eigens f\u00fcr das Turnier gestellte Parcours umfasste 33 Ziele. Beim Stellen des Parcours nutzen die Herolzer Ihr Gel\u00e4nde und die Freiheit, an kein Regelwerk&hellip;<\/div><\/li>\n<li><a class=\"wp-block-latest-posts__post-title\" href=\"https:\/\/sb37dieburg.de\/?p=874\">Angebote f\u00fcr Wiederladerlehrg\u00e4nge in der Gegend<\/a><time datetime=\"2026-02-20T08:02:00+01:00\" class=\"wp-block-latest-posts__post-date\">20. Februar 2026<\/time><div class=\"wp-block-latest-posts__post-excerpt\">Hier k\u00f6nnt ihr ein paar Termine z.B. in Darmstadt und Erzhausen finden:https:\/\/www.malcher-akademie.de\/lehrgaenge<\/div><\/li>\n<li><div class=\"wp-block-latest-posts__featured-image alignleft\"><a href=\"https:\/\/sb37dieburg.de\/?p=865\" aria-label=\"Presse: Bogen &#8211; 10. Winterturnier in Laudenbach\"><img loading=\"lazy\" decoding=\"async\" width=\"150\" height=\"150\" src=\"https:\/\/sb37dieburg.de\/wp-content\/uploads\/2026\/02\/Laudenbach-Siegerehrung-Kinder-150x150.jpg\" class=\"attachment-thumbnail size-thumbnail wp-post-image\" alt=\"\" style=\"max-width:50px;max-height:50px;\" \/><\/a><\/div><a class=\"wp-block-latest-posts__post-title\" href=\"https:\/\/sb37dieburg.de\/?p=865\">Presse: Bogen &#8211; 10. Winterturnier in Laudenbach<\/a><time datetime=\"2026-02-15T19:12:32+01:00\" class=\"wp-block-latest-posts__post-date\">15. Februar 2026<\/time><div class=\"wp-block-latest-posts__post-excerpt\">Bei leichten Plusgeraden hatten die Laudenbacher Bowhunters Untermain zu Ihrem 10. Winterturnier eingeladen (31.01.). Im verschneiten unterfr\u00e4nkischen Odenwald trafen sich \u00fcber 100 Sch\u00fctzen auf dem eigens f\u00fcr das Turnier eingerichteten\u00a03D&#8211;Parcours. Die Vielseitigkeit des Parcours war anspruchsvoll und spa\u00dfig zu gleich. Es musste bergab, bergauf, durch Tunnel und auf verschiedene\u00a0Kunststoff-Ziele von&hellip;<\/div><\/li>\n<li><div class=\"wp-block-latest-posts__featured-image alignleft\"><a href=\"https:\/\/sb37dieburg.de\/?p=860\" aria-label=\"Presse: Bogenclub Babenhausen auf der Hessischen Landesmeisterschaft erfolgreich\"><img loading=\"lazy\" decoding=\"async\" width=\"150\" height=\"150\" src=\"https:\/\/sb37dieburg.de\/wp-content\/uploads\/2026\/02\/LMH-2026-Compound-Senioren-Marcus-Jones-Hans-Juergen-Eich-Guenter-Petereit-150x150.jpg\" class=\"attachment-thumbnail size-thumbnail wp-post-image\" alt=\"\" style=\"max-width:50px;max-height:50px;\" \/><\/a><\/div><a class=\"wp-block-latest-posts__post-title\" href=\"https:\/\/sb37dieburg.de\/?p=860\">Presse: Bogenclub Babenhausen auf der Hessischen Landesmeisterschaft erfolgreich<\/a><time datetime=\"2026-02-09T07:59:00+01:00\" class=\"wp-block-latest-posts__post-date\">9. Februar 2026<\/time><div class=\"wp-block-latest-posts__post-excerpt\">Der Bogenclub Babenhausen gratuliert seinen erfolgreichen Sch\u00fctzen und freut sich, dass gleich dreiHessenmeistertitel an Sch\u00fctzen des BCB fielen!Die Hessenmeisterschaften im Hallenbogenschie\u00dfen geh\u00f6ren seit Jahren zu den wichtigsten fr\u00fchenTerminen im Sportkalender und wurden 2026 bereits zum 15. Mal in Dietzenbach ausgetragen.Sch\u00fctzen aus dem gesamten Bundesland traten in unterschiedlichen Klassen gegeneinander an,&hellip;<\/div><\/li>\n<li><div class=\"wp-block-latest-posts__featured-image alignleft\"><a href=\"https:\/\/sb37dieburg.de\/?p=853\" aria-label=\"Fotos: BM 2026 Auflage Luft\"><img loading=\"lazy\" decoding=\"async\" width=\"150\" height=\"150\" src=\"https:\/\/sb37dieburg.de\/wp-content\/uploads\/2026\/01\/PXL_20260131_085242354-scaled-e1769876935153-150x150.jpg\" class=\"attachment-thumbnail size-thumbnail wp-post-image\" alt=\"\" style=\"max-width:50px;max-height:50px;\" \/><\/a><\/div><a class=\"wp-block-latest-posts__post-title\" href=\"https:\/\/sb37dieburg.de\/?p=853\">Fotos: BM 2026 Auflage Luft<\/a><time datetime=\"2026-01-31T17:25:49+01:00\" class=\"wp-block-latest-posts__post-date\">31. Januar 2026<\/time><div class=\"wp-block-latest-posts__post-excerpt\"><\/div><\/li>\n<li><div class=\"wp-block-latest-posts__featured-image alignleft\"><a href=\"https:\/\/sb37dieburg.de\/?p=824\" aria-label=\"Fotos: Bezirksmeisterschaft 2026 Jugend\"><img loading=\"lazy\" decoding=\"async\" width=\"150\" height=\"150\" src=\"https:\/\/sb37dieburg.de\/wp-content\/uploads\/2026\/01\/PXL_20260124_125619153-scaled-e1769417435903-150x150.jpg\" class=\"attachment-thumbnail size-thumbnail wp-post-image\" alt=\"\" style=\"max-width:50px;max-height:50px;\" \/><\/a><\/div><a class=\"wp-block-latest-posts__post-title\" href=\"https:\/\/sb37dieburg.de\/?p=824\">Fotos: Bezirksmeisterschaft 2026 Jugend<\/a><time datetime=\"2026-01-26T07:32:00+01:00\" class=\"wp-block-latest-posts__post-date\">26. Januar 2026<\/time><div class=\"wp-block-latest-posts__post-excerpt\"><\/div><\/li>\n<li><a class=\"wp-block-latest-posts__post-title\" href=\"https:\/\/sb37dieburg.de\/?p=811\">BM 2026: Ergebnisse Luftpistole online<\/a><time datetime=\"2026-01-17T22:31:45+01:00\" class=\"wp-block-latest-posts__post-date\">17. Januar 2026<\/time><div class=\"wp-block-latest-posts__post-excerpt\">Ergebnisse k\u00f6nnen unter >Meisterschaften>Ergebnisse gefunden werden.<\/div><\/li>\n<li><a class=\"wp-block-latest-posts__post-title\" href=\"https:\/\/sb37dieburg.de\/?p=806\">Ausschreibung f\u00fcr die Bezirksmeisterschaften Feldbogen und 3D sind online<\/a><time datetime=\"2026-01-12T22:49:13+01:00\" class=\"wp-block-latest-posts__post-date\">12. Januar 2026<\/time><div class=\"wp-block-latest-posts__post-excerpt\">Die Informationen gibt es unter >> Meisterschaftschaften. Und auch nochmal der direkte Link zu den beiden Ausschreibungen:Ausschreibung 3DAusschreibung Feldbogen<\/div><\/li>\n<\/ul>","protected":false},"excerpt":{"rendered":"","protected":false},"author":1,"featured_media":0,"parent":0,"menu_order":0,"comment_status":"closed","ping_status":"closed","template":"","meta":{"footnotes":""},"class_list":["post-202","page","type-page","status-publish","hentry"],"_links":{"self":[{"href":"https:\/\/sb37dieburg.de\/index.php?rest_route=\/wp\/v2\/pages\/202","targetHints":{"allow":["GET"]}}],"collection":[{"href":"https:\/\/sb37dieburg.de\/index.php?rest_route=\/wp\/v2\/pages"}],"about":[{"href":"https:\/\/sb37dieburg.de\/index.php?rest_route=\/wp\/v2\/types\/page"}],"author":[{"embeddable":true,"href":"https:\/\/sb37dieburg.de\/index.php?rest_route=\/wp\/v2\/users\/1"}],"replies":[{"embeddable":true,"href":"https:\/\/sb37dieburg.de\/index.php?rest_route=%2Fwp%2Fv2%2Fcomments&post=202"}],"version-history":[{"count":4,"href":"https:\/\/sb37dieburg.de\/index.php?rest_route=\/wp\/v2\/pages\/202\/revisions"}],"predecessor-version":[{"id":227,"href":"https:\/\/sb37dieburg.de\/index.php?rest_route=\/wp\/v2\/pages\/202\/revisions\/227"}],"wp:attachment":[{"href":"https:\/\/sb37dieburg.de\/index.php?rest_route=%2Fwp%2Fv2%2Fmedia&parent=202"}],"curies":[{"name":"wp","href":"https:\/\/api.w.org\/{rel}","templated":true}]}}