{"id":111,"date":"2024-12-12T00:26:31","date_gmt":"2024-12-11T23:26:31","guid":{"rendered":"http:\/\/sb.svw-spachbruecken.de\/?page_id=111"},"modified":"2024-12-31T12:21:05","modified_gmt":"2024-12-31T11:21:05","slug":"bogenschiesen","status":"publish","type":"page","link":"https:\/\/sb37dieburg.de\/?page_id=111","title":{"rendered":"Bogenschie\u00dfen"},"content":{"rendered":"\n<div class=\"wp-block-columns is-layout-flex wp-container-core-columns-is-layout-9d6595d7 wp-block-columns-is-layout-flex\">\n<div class=\"wp-block-column is-layout-flow wp-block-column-is-layout-flow\">\n<h3 class=\"wp-block-heading\"><strong>Bogenschie\u00dfen im Bezirk<\/strong><\/h3>\n\n\n\n<p class=\"has-text-align-left\">Auf der Webseite des <a href=\"http:\/\/bc-babenhausen.de\/WSB\/pages\/start\/verbands-info.php\" target=\"_blank\" rel=\"noreferrer noopener\">BC Babenhausen<\/a> k\u00f6nnen viele Informationen zum Bogenschie\u00dfen im Bezirk gefunden werden: Ergebnisse, Startkarten, Limitzahlen, etc.<\/p>\n\n\n\n<div class=\"wp-block-buttons is-content-justification-center is-layout-flex wp-container-core-buttons-is-layout-16018d1d wp-block-buttons-is-layout-flex\">\n<div class=\"wp-block-button\"><a class=\"wp-block-button__link wp-element-button\" href=\"http:\/\/bc-babenhausen.de\/WSB\/pages\/start\/verbands-info.php\" target=\"_blank\" rel=\"noreferrer noopener\">Info beim BC Babenhausen<\/a><\/div>\n<\/div>\n<\/div>\n\n\n\n<div class=\"wp-block-column is-layout-flow wp-block-column-is-layout-flow\">\n<h3 class=\"wp-block-heading\"><strong>Apollon und Apollon++ Software<\/strong><\/h3>\n\n\n\n<p>F\u00fcr das Durchf\u00fchren von Bogen Wettbewerben wird oft die popul\u00e4re Software <strong>Apollon <\/strong>genutzt. Auf der Webseite des BC Babenhausen werden hier einige Infos zur Software angeboten. Zus\u00e4tzlich gibt es dort auch die Erweiterung <strong>Apollon++<\/strong> zu finden.<\/p>\n\n\n\n<div class=\"wp-block-buttons is-layout-flex wp-block-buttons-is-layout-flex\">\n<div class=\"wp-block-button\"><a class=\"wp-block-button__link wp-element-button\" href=\"http:\/\/bc-babenhausen.de\/WSB\/pages\/start\/verbands-info\/apollon_tools.php\" target=\"_blank\" rel=\"noreferrer noopener\">Info zur Software Apollon und Apollon++<\/a><\/div>\n<\/div>\n<\/div>\n<\/div>\n\n\n\n<p><\/p>\n","protected":false},"excerpt":{"rendered":"<p>Bogenschie\u00dfen im Bezirk Auf der Webseite des BC Babenhausen k\u00f6nnen viele Informationen zum Bogenschie\u00dfen im Bezirk gefunden werden: Ergebnisse, Startkarten, Limitzahlen, etc. Apollon und Apollon++&hellip;<\/p>\n","protected":false},"author":1,"featured_media":0,"parent":0,"menu_order":0,"comment_status":"closed","ping_status":"closed","template":"","meta":{"footnotes":""},"class_list":["post-111","page","type-page","status-publish","hentry"],"_links":{"self":[{"href":"https:\/\/sb37dieburg.de\/index.php?rest_route=\/wp\/v2\/pages\/111","targetHints":{"allow":["GET"]}}],"collection":[{"href":"https:\/\/sb37dieburg.de\/index.php?rest_route=\/wp\/v2\/pages"}],"about":[{"href":"https:\/\/sb37dieburg.de\/index.php?rest_route=\/wp\/v2\/types\/page"}],"author":[{"embeddable":true,"href":"https:\/\/sb37dieburg.de\/index.php?rest_route=\/wp\/v2\/users\/1"}],"replies":[{"embeddable":true,"href":"https:\/\/sb37dieburg.de\/index.php?rest_route=%2Fwp%2Fv2%2Fcomments&post=111"}],"version-history":[{"count":2,"href":"https:\/\/sb37dieburg.de\/index.php?rest_route=\/wp\/v2\/pages\/111\/revisions"}],"predecessor-version":[{"id":186,"href":"https:\/\/sb37dieburg.de\/index.php?rest_route=\/wp\/v2\/pages\/111\/revisions\/186"}],"wp:attachment":[{"href":"https:\/\/sb37dieburg.de\/index.php?rest_route=%2Fwp%2Fv2%2Fmedia&parent=111"}],"curies":[{"name":"wp","href":"https:\/\/api.w.org\/{rel}","templated":true}]}}